-4)/18. Let v be (w/(-3))/(6/8). What is the greatest common factor of v and 80?
8
Suppose 2*n = 36 + 30. Let u = 42 - n. Let k = 79 - 34. What is the highest common divisor of k and u?
9
Let s(x) be the third derivative of -x**4/24 + x**3/3 + 8*x**2. Let n be s(1). Suppose 4*q + 1 = 13. What is the highest common divisor of n and q?
1
Let j = 15 + -10. Suppose 2*g - 3*g - 9 = j*c, 0 = -4*c. Let a(d) = -3*d - 3. Let s be a(g). What is the greatest common factor of 12 and s?
12
Suppose x - 109 = 3*r, r + 3*r + 2*x + 132 = 0. Let s = -31 - r. Suppose 17 = 3*m - 5*k - 16, -11 = -m - s*k. Calculate the greatest common divisor of 77 and m.
11
Let n = 13 + 6. Let q = 55 - n. Suppose 64*y - 851 = -83. What is the greatest common factor of y and q?
12
Let m = -491 + 527. Calculate the greatest common divisor of m and 1116.
36
Let n(h) = -8*h**2 + 13*h - 3. Let x be n(-7). Let v = -30 - x. What is the highest common factor of v and 57?
57
Suppose 7*a - 337 = 69. Suppose 3*w + 6*q = 2*q - 74, -w + 2*q - 38 = 0. Let p = a + w. Calculate the greatest common factor of p and 4.
4
Suppose 18 = 3*j - 4*p, -5*j + 8*p + 25 = 3*p. Let f be 406/(-203)*(-10)/2. Calculate the greatest common factor of j and f.
2
Let t(k) = 3*k**2 - 16*k - 9. Let l be t(9). Let b = -11 - -21. Calculate the greatest common divisor of l and b.
10
Let s(v) = 8*v + 227. Let q be s(-27). What is the highest common factor of 33 and q?
11
Let k be ((-10)/4)/((-41)/2952). What is the highest common divisor of k and 100?
20
Let z be -519 + 508 + 119*1. Let a = 18 - 12. What is the greatest common factor of z and a?
6
Let x = -16 + 20. Let t be (x/(-6))/((-627)/207 + 3). Let p = 204 + -112. Calculate the highest common factor of p and t.
23
Let s = -752 - -800. Let i = -72 - -104. Calculate the greatest common factor of s and i.
16
Let i = -824 + 884. Calculate the greatest common factor of 42 and i.
6
Let v be (1/(-3))/((-2)/12). Suppose v*u - 18 = 4*x, -2*x - 3*x - 36 = 2*u. Let d = x - -34. Calculate the greatest common divisor of 14 and d.
14
Let j(b) = b**2 + 9*b + 22. Let k be j(-9). Let g = 39 - k. What is the highest common divisor of g and 17?
17
Suppose 0 = -47*a - 23*a + 24150. What is the greatest common factor of 483 and a?
69
Let p(j) = -j**2 + 40*j - 337. Let h be p(16). Calculate the highest common factor of 3 and h.
1
Suppose -5*k + 119 + 521 = 0. Suppose z - 5*z = -k. Let c = -3481 - -3529. Calculate the greatest common divisor of z and c.
16
Let n = 74 - -145. What is the greatest common divisor of n and 511?
73
Let h be (2 - 0)/(-4*6/(-348)). What is the highest common divisor of 783 and h?
29
Suppose -8*h + 6*h = 4, 5*h = -3*q + 266. Calculate the greatest common divisor of q and 3404.
92
Let y = -2 + 0. Let l = 14 + -10. Let x be (-55)/y - l/(-8). What is the greatest common divisor of x and 42?
14
Let y(i) = 7*i + 171. Let c be y(-7). Calculate the highest common factor of c and 183.
61
Let b(a) = a**2 - 2. Let g be b(2). Let v be 177/1 + g + 1. Suppose i - 31 = -1. Calculate the greatest common factor of v and i.
30
Let z(f) = -f**3 + 8*f**2 - 7*f - 2. Let w be z(6). Let i = -250 + 558. Calculate the highest common divisor of i and w.
28
Let u = 48 - 30. Let o be (-4)/u - 218/(-9). Let s(h) = -h**2 + 10*h - 13. Let g be s(7). What is the highest common divisor of g and o?
8
Let h(l) = l + 75. Let m be h(0). Suppose 46 + 78 = 4*d + 2*s, 4*s = d - 22. Let p be (8/36*-15)/((-4)/d). Calculate the greatest common divisor of p and m.
25
Suppose -70*o - 264 = -78*o. What is the greatest common factor of o and 33?
33
Let w be ((-5)/2)/(-2 - (-3)/2). What is the greatest common factor of w and 50?
5
Let z = -7 - -14. Suppose -6*k = 3*x - 8*k - 42, -3*x = 4*k - 42. What is the greatest common factor of z and x?
7
Let l = -2 - -28. Suppose -3*i = -2*i - l. What is the highest common factor of 65 and i?
13
Let t = -4 - -7. Let q = -580 - -583. Calculate the highest common divisor of t and q.
3
Suppose -4*r + r + 120 = 0. Suppose 0 = 21*y - 26*y + r. What is the greatest common factor of y and 24?
8
Let v = 1 + 1. Let j(s) = -s**2 + 7. Let t be j(-7). Let f = t - -50. Calculate the highest common divisor of v and f.
2
Let g(z) = -66*z**2 - 289*z + 2. Let m be g(-4). What is the highest common factor of m and 6?
6
Suppose -9*l + 5*l = -4*s - 3124, -2*l + 1558 = -4*s. Calculate the highest common divisor of l and 29.
29
Let n = 432 - 316. Calculate the greatest common divisor of n and 29.
29
Let k = -266 + 289. Calculate the highest common factor of k and 69.
23
Let x = 2 - 2. Suppose 5*n - 76 = -5*s + 89, -4*n + 3*s + 97 = x. Let v be (-6)/45 - (-2294)/555. What is the greatest common divisor of n and v?
4
Suppose 5*s + 3*v - 48 = 0, 16*s - 3*v = 12*s + 6. Let g be ((-30)/(-2 + 1))/1. Calculate the greatest common factor of g and s.
6
Suppose 0 = -k + q - 20, 4*k - 2 = 5*q - 77. Let j = k - -53. Calculate the greatest common factor of 56 and j.
28
Let c(r) = 3*r + 1. Let h be c(2). What is the highest common factor of 4 and h?
1
Let y = 12 + -1. Suppose 66 = -55*w + 57*w. What is the highest common factor of y and w?
11
Let k(f) = -f**3 + 8*f - 5. Let r(n) = -n**2 + 11*n - 14. Let d be r(10). Let m be k(d). What is the highest common factor of m and 162?
27
Suppose -4*c + 15*c = 110. What is the highest common factor of c and 90?
10
Suppose -3*j + 17 = -4*z + 3*z, 5*j + 2*z = 10. Let l(i) = -2*i**2 + 6*i + 9. Let a be l(j). What is the greatest common divisor of a and 8?
1
Let f(h) = h**3 - 7*h**2 - 62*h + 45. Let o be f(12). Calculate the highest common factor of 56 and o.
7
Let a(v) = 3*v**2 - 16*v - 14. Let b be a(6). Let d be (-400)/(-24) + b/(-6). Suppose 74 - 6 = 4*p. What is the highest common divisor of p and d?
17
Let m(y) = 4*y - 2. Let f be m(1). Let x(u) = -u - 17. Let s be x(-18). Calculate the greatest common divisor of f and s.
1
Suppose 0*h + 5*h - 625 = 0. Let z(l) = -4*l - 3*l**3 - l - 1 - 2 - l**2 + 4*l**3. Let j be z(4). Calculate the greatest common divisor of h and j.
25
Let u(j) = -j**2 + 5. Let y be u(0). Suppose 5*h - 33 = -2*w, -y*w = -5*h + 5 - 0. Calculate the greatest common divisor of 12 and w.
4
Let i(v) = -13*v + 1. Let b be i(-3). Let g = -6 + 10. Let o(s) = -s**2 + 6*s - 3. Let z be o(g). What is the greatest common divisor of b and z?
5
Suppose 5*z = 9*z - 2*w - 22, 2*z + 4 = -2*w. Suppose 0 = 5*o - 4*k - 149 + 40, -2*o = -z*k - 45. What is the greatest common factor of 42 and o?
21
Let o be -2 + -1 - 18/(-3). Let l be 2 + -6 + o - -254. What is the greatest common divisor of l and 23?
23
Suppose 3*w = 1043 - 323. What is the greatest common divisor of 150 and w?
30
Let d = 42 + -39. Calculate the greatest common factor of d and 6.
3
Let b(n) = -22*n - 10. Let s be b(-3). What is the highest common factor of s and 8?
8
Let n = -19 + 29. Let v(y) = 7*y + 3 + 6*y - y**2 - 17. Let s be v(n). Calculate the highest common divisor of 4 and s.
4
Suppose -2*i + 3*i - 2 = 0. Let z(n) = n**2 - 3*n - 6. Let v be 29/4 - (-3)/(-12). Let g be z(v). Calculate the greatest common divisor of i and g.
2
Let g(o) = 176*o + 716. Let l be g(-4). Suppose -5*u + u = -n + 144, -2*u + 6 = 0. What is the highest common divisor of l and n?
12
Let y = 45 - 40. Let l be 2 + 40/(-22) + (-273)/(-11). What is the greatest common factor of l and y?
5
Let w be (-2)/2 - -1 - -4. Suppose 0 = 4*s - 98 - 46. What is the greatest common divisor of s and w?
4
Suppose -24 = 5*r + 6. Let p(g) = -g**2 - 11*g - 10. Let v be p(r). Let s = -7 + 12. Calculate the greatest common divisor of s and v.
5
Let q be ((-3)/(-6)*-2)/((-4)/(-624)). Let h be (0/(-2))/(0 + 1). Let d be (-2)/(h + 8/q). Calculate the greatest common factor of 26 and d.
13
Let j(b) = -2*b - 16. Let l be j(-12). Let h be l/14 + (-122)/(-7). Calculate the greatest common factor of 72 and h.
18
Let a(i) = 174*i - 1004. Let w be a(6). Suppose -3*s = -0*s - 12. Suppose 0 = 2*m + 3*r - 8, 3*r - 18 = m - s*m. What is the highest common divisor of w and m?
10
Suppose -6 - 3 = -3*t. Suppose v + 2*s - 4*s = 43, 2*v - 5*s - 83 = 0. Let m = -16 + v. Calculate the highest common divisor of t and m.
3
Let g(u) = -u**2 - 10*u - 8. Let s be g(-6). Suppose 48*w - 46*w = 4. Suppose 4 = 2*d + 4*j, 0 = w*d - d + 4*j. What is the greatest co